e factors of 20344707.
3, 2260523
What are the prime factors of 7888757?
7888757
List the prime factors of 481382964.
2, 3, 61, 223, 983
List the prime factors of 71718077.
71718077
What are the prime factors of 2333806825?
5, 7, 503, 26513
List the prime factors of 2402715578.
2, 1423, 844243
List the prime factors of 24366083.
7, 17, 29251
What are the prime factors of 55578693?
3, 18526231
List the prime factors of 17440459.
59, 295601
List the prime factors of 362588985.
3, 5, 11, 331, 2213
List the prime factors of 5952831079.
13, 31, 14771293
List the prime factors of 207819557.
11, 1717517
List the prime factors of 11568871.
11568871
List the prime factors of 43892544.
2, 3, 29, 7883
What are the prime factors of 12713996?
2, 3178499
What are the prime factors of 122981973?
3, 167, 245473
What are the prime factors of 761611890?
2, 3, 5, 13, 1952851
What are the prime factors of 68636724?
2, 3, 13, 223, 1973
What are the prime factors of 5540339?
7, 89, 8893
What are the prime factors of 68189789?
1493, 45673
What are the prime factors of 140285991?
3, 1231, 37987
What are the prime factors of 15220866?
2, 3, 2536811
What are the prime factors of 31594946?
2, 83, 190331
What are the prime factors of 3158467244?
2, 89, 8872099
What are the prime factors of 81320952?
2, 3, 199, 17027
What are the prime factors of 134040812?
2, 33510203
List the prime factors of 4522952964.
2, 3, 19, 37, 536149
List the prime factors of 192356556.
2, 3, 7, 277, 1181
List the prime factors of 10844476.
2, 2711119
List the prime factors of 4438070781.
3, 13997, 105691
What are the prime factors of 507225774?
2, 3, 11, 89, 86351
What are the prime factors of 94274837?
94274837
List the prime factors of 11295610.
2, 5, 1129561
What are the prime factors of 104071188?
2, 3, 13, 667123
What are the prime factors of 105059344?
2, 13, 29, 17417
What are the prime factors of 4642535294?
2, 34283, 67709
What are the prime factors of 216817036?
2, 54204259
What are the prime factors of 934211305?
5, 463, 403547
List the prime factors of 3644026245.
3, 5, 17, 19, 193, 433
List the prime factors of 2314361.
7, 330623
What are the prime factors of 1534374038?
2, 179, 4285961
List the prime factors of 333081209.
163, 1091, 1873
What are the prime factors of 52459611?
3, 257, 68041
What are the prime factors of 599765161?
43, 13948027
What are the prime factors of 1146299413?
7, 137, 257, 4651
What are the prime factors of 63232246?
2, 7, 11, 58657
List the prime factors of 617447554.
2, 47, 6568591
List the prime factors of 8312550.
2, 3, 5, 151, 367
What are the prime factors of 2086451968?
2, 173, 47111
List the prime factors of 222068112.
2, 3, 7, 660917
What are the prime factors of 93312159?
3, 277, 112289
List the prime factors of 224082645.
3, 5, 14938843
List the prime factors of 1918509865.
5, 31, 79, 156677
List the prime factors of 263694608.
2, 16480913
List the prime factors of 5067974300.
2, 5, 50679743
What are the prime factors of 1425666794?
2, 71, 10039907
What are the prime factors of 346607805?
3, 5, 23107187
List the prime factors of 309853152.
2, 3, 7, 17, 9041
What are the prime factors of 13321718?
2, 6660859
What are the prime factors of 2846666175?
3, 5, 37955549
What are the prime factors of 159824155?
5, 31964831
List the prime factors of 274401228.
2, 3, 47, 486527
What are the prime factors of 98518104?
2, 3, 29, 1627
What are the prime factors of 252793253?
23, 10991011
What are the prime factors of 112875722?
2, 56437861
What are the prime factors of 1823722608?
2, 3, 97, 391693
List the prime factors of 265143495.
3, 5, 17676233
What are the prime factors of 19492139?
19492139
What are the prime factors of 66713040?
2, 3, 5, 92657
What are the prime factors of 329327257?
7, 953, 49367
List the prime factors of 33901079.
53, 89, 7187
What are the prime factors of 145581432?
2, 3, 601, 10093
List the prime factors of 4071870949.
4071870949
What are the prime factors of 3533039582?
2, 2699, 654509
List the prime factors of 331465807.
331465807
What are the prime factors of 339782411?
47, 701, 10313
List the prime factors of 50017651.
1823, 27437
What are the prime factors of 31457282?
2, 173, 90917
List the prime factors of 3861192193.
3861192193
What are the prime factors of 72800016?
2, 3, 37, 179, 229
List the prime factors of 77660325.
3, 5, 547, 631
List the prime factors of 1344228331.
1344228331
List the prime factors of 45512594.
2, 97, 379, 619
List the prime factors of 43152939.
3, 1598257
What are the prime factors of 4245125847?
3, 23, 37, 61, 27259
What are the prime factors of 202285331?
202285331
What are the prime factors of 1599028724?
2, 23, 17380747
What are the prime factors of 540059435?
5, 23, 1153, 4073
List the prime factors of 351605127.
3, 19, 53, 116387
What are the prime factors of 652672492?
2, 29, 83, 67789
List the prime factors of 695061677.
17, 40885981
List the prime factors of 3281205934.
2, 2897, 566311
What are the prime factors of 1392914374?
2, 97, 7179971
What are the prime factors of 42562513?
7, 1093, 5563
List the prime factors of 225285285.
3, 5, 131, 114649
List the prime factors of 17229056.
2, 13, 31, 167
List the prime factors of 639425287.
67, 1181, 8081
List the prime factors of 217823913.
3, 24202657
List the prime factors of 2162746011.
3, 14251, 50587
What are the prime factors of 155701807?
463, 523, 643
What are the prime factors of 231032?
2, 28879
List the prime factors of 12310863.
3, 4103621
List the prime factors of 268015240.
2, 5, 149, 193, 233
List the prime factors of 16465973.
16465973
List the prime factors of 343954053.
3, 421, 30259
What are the prime factors of 970967539?
22433, 43283
What are the prime factors of 491647069?
563, 873263
What are the prime factors of 45840749?
19, 2412671
What are the prime factors of 2469182302?
2, 31, 39825521
What are the prime factors of 4658875815?
3, 5, 11, 1429, 19759
List the prime factors of 1211289714.
2, 3, 113, 66169
What are the prime factors of 574674251?
23, 24985837
What are the prime factors of 900455603?
900455603
List the prime factors of 1590342593.
7, 277, 820187
List the prime factors of 4749101100.
2, 3, 5, 5276779
What are the prime factors of 4883093187?
3, 7, 307, 108203
What are the prime factors of 18387537?
3, 7, 29, 109, 277
List the prime factors of 32168375.
5, 23, 67, 167
What are the prime factors of 610194551?
610194551
List the prime factors of 101755808.
2, 7, 11, 61, 677
List the prime factors of 3047876826.
2, 3, 507979471
List the prime factors of 376863270.
2, 3, 5, 7, 1794587
What are the prime factors of 301250357?
53, 191, 29759
List the prime factors of 4106862910.
2, 5, 410686291
What are the prime factors of 55252139?
55252139
List the prime factors of 469899811.
19, 41, 603209
List the prime factors of 282212204.
2, 269, 353, 743
What are the prime factors of 14454295?
5, 367, 7877
List the prime factors of 282999883.
79, 3582277
What are the prime factors of 3011693861?
11, 7489, 36559
List the prime factors of 73213889.
7, 1494161
What are the prime factors of 35951159?
5779, 6221
List the prime factors of 5433607.
41, 132527
List the prime factors of 1803757229.
19, 94934591
What are the prime factors of 4882368?
2, 3, 59, 431
What are the prime factors of 259793060?
2, 5, 12989653
What are the prime factors of 2126000986?
2, 67, 15865679
List the prime factors of 428470633.
7079, 60527
List the prime factors of 64463633.
13, 1471, 3371
List the prime factors of 1268357815.
5, 653, 388471
List the prime factors of 78852799.
41, 317, 6067
List the prime factors of 21264103.
7, 1439, 2111
What are the prime factors of 164924596?
2, 41231149
List the prime factors of 3859773187.
3859773187
List the prime factors of 258126253.
7, 11, 3352289
What are the prime factors of 42121412?
2, 2687, 3919
What are the prime factors of 156158352?
2, 3, 7, 37, 53, 79
What are the prime factors of 3813234732?
2, 3, 31, 126551
What are the prime factors of 39315068?
2, 13, 29, 31
List the prime factors of 235003138.
2, 17, 6911857
List the prime factors of 26084321.
19, 53, 25903
List the prime factors of 6046142.
2, 19, 107, 1487
What are the prime factors of 184819522?
2, 1447, 63863
What are the prime 